{"id":5857,"date":"2026-04-14T14:47:15","date_gmt":"2026-04-14T11:47:15","guid":{"rendered":"https:\/\/netfikirhost.com\/website\/essplus\/sindirella-bakimi\/"},"modified":"2026-04-14T15:33:45","modified_gmt":"2026-04-14T12:33:45","slug":"sindirella-bakimi","status":"publish","type":"page","link":"https:\/\/netfikirhost.com\/website\/essplus\/hizmetlerimiz\/sindirella-bakimi\/","title":{"rendered":"Sindirella Bak\u0131m\u0131"},"content":{"rendered":"<p>S\u0130ND\u0130RELLA BAKIMI PUMPK\u0130N (BALKABA\u011eI) PEEL BALKABA\u011eINDAN GELEN MUC\u0130ZE S\u0130ND\u0130RELLA BAKIMI Ana maddesi kabak olan pumpkin peel cildinizi yenileyerek kuruluk,ya\u015flanma,hiperpigmentasyonlu ciltler akne problemlerine kar\u015f\u0131 h\u00fccrenin yenilenmesini sa\u011flayan ORGAN\u0130K Peeling bak\u0131m\u0131d\u0131r. Ayr\u0131ca cildi derinlemesine nemlendiren cilt bariyerini g\u00fc\u00e7lendiren etkisi sayesinde YAZ-KI\u015e Uygulanabilir. \u0130\u00e7erisinde bar\u0131nd\u0131rd\u0131\u011f\u0131 alfa hidroksi asit,amino asitler ve enzimler a\u00e7\u0131s\u0131ndan olduk\u00e7a zengin olan kabak cilt bak\u0131m \u00fcr\u00fcnlerinde olduk\u00e7a fazla kullan\u0131lmaktad\u0131r.Balkaba\u011f\u0131 ile yap\u0131lacak cilt bak\u0131m\u0131,cildin en \u00fcst tabakas\u0131n\u0131 ar\u0131nd\u0131rarak lekelerin giderilmesine yard\u0131mc\u0131 olurken \u00e7il tedavisinede katk\u0131 sa\u011flar. Ciltte uygulanan kimyasal soyma dermepen lazer,estetik operasyonlar gibi hassasiyet olu\u015fturan t\u00fcm tedavilerin \u00f6ncesinde ve sonras\u0131nda cildi g\u00fc\u00e7lendirmek i\u00e7in uygulanabilir.<\/p>\n","protected":false},"excerpt":{"rendered":"<p>S\u0130ND\u0130RELLA BAKIMI PUMPK\u0130N (BALKABA\u011eI) PEEL BALKABA\u011eINDAN GELEN MUC\u0130ZE S\u0130ND\u0130RELLA BAKIMI Ana maddesi kabak olan pumpkin peel cildinizi yenileyerek kuruluk,ya\u015flanma,hiperpigmentasyonlu ciltler akne problemlerine kar\u015f\u0131 h\u00fccrenin yenilenmesini sa\u011flayan ORGAN\u0130K Peeling bak\u0131m\u0131d\u0131r. Ayr\u0131ca cildi derinlemesine nemlendiren cilt bariyerini g\u00fc\u00e7lendiren etkisi sayesinde YAZ-KI\u015e Uygulanabilir. \u0130\u00e7erisinde bar\u0131nd\u0131rd\u0131\u011f\u0131 alfa hidroksi asit,amino asitler ve enzimler a\u00e7\u0131s\u0131ndan olduk\u00e7a zengin olan kabak cilt bak\u0131m [&hellip;]<\/p>\n","protected":false},"author":1,"featured_media":5909,"parent":5858,"menu_order":0,"comment_status":"closed","ping_status":"closed","template":"","meta":{"footnotes":""},"class_list":["post-5857","page","type-page","status-publish","has-post-thumbnail","hentry"],"_links":{"self":[{"href":"https:\/\/netfikirhost.com\/website\/essplus\/wp-json\/wp\/v2\/pages\/5857","targetHints":{"allow":["GET"]}}],"collection":[{"href":"https:\/\/netfikirhost.com\/website\/essplus\/wp-json\/wp\/v2\/pages"}],"about":[{"href":"https:\/\/netfikirhost.com\/website\/essplus\/wp-json\/wp\/v2\/types\/page"}],"author":[{"embeddable":true,"href":"https:\/\/netfikirhost.com\/website\/essplus\/wp-json\/wp\/v2\/users\/1"}],"replies":[{"embeddable":true,"href":"https:\/\/netfikirhost.com\/website\/essplus\/wp-json\/wp\/v2\/comments?post=5857"}],"version-history":[{"count":0,"href":"https:\/\/netfikirhost.com\/website\/essplus\/wp-json\/wp\/v2\/pages\/5857\/revisions"}],"up":[{"embeddable":true,"href":"https:\/\/netfikirhost.com\/website\/essplus\/wp-json\/wp\/v2\/pages\/5858"}],"wp:featuredmedia":[{"embeddable":true,"href":"https:\/\/netfikirhost.com\/website\/essplus\/wp-json\/wp\/v2\/media\/5909"}],"wp:attachment":[{"href":"https:\/\/netfikirhost.com\/website\/essplus\/wp-json\/wp\/v2\/media?parent=5857"}],"curies":[{"name":"wp","href":"https:\/\/api.w.org\/{rel}","templated":true}]}}