{"id":5852,"date":"2026-04-14T14:47:15","date_gmt":"2026-04-14T11:47:15","guid":{"rendered":"https:\/\/netfikirhost.com\/website\/essplus\/keratin-kirpik-bakimi\/"},"modified":"2026-04-14T15:31:27","modified_gmt":"2026-04-14T12:31:27","slug":"keratin-kirpik-bakimi","status":"publish","type":"page","link":"https:\/\/netfikirhost.com\/website\/essplus\/hizmetlerimiz\/keratin-kirpik-bakimi\/","title":{"rendered":"Keratin Kirpik Bak\u0131m\u0131"},"content":{"rendered":"<p>YUM\u0130 LASHES KERAT\u0130N K\u0130RP\u0130K BAKIMI Yumi Lashes,kirpik geli\u015ftirme g\u00fczellik d\u00fcnyas\u0131n\u0131n ger\u00e7ek bir devrimidir. \u0130svi\u00e7re de \u00fcretilen ve art\u0131k b\u00fct\u00fcn Avrupa \u00fclkelerinde \u00fcn kazanan Yumi Lashes i\u015flemi \u015fimdi sizler i\u00e7in ESSPLUS. Yumi Lashes sadece yetkili uzman taraf\u0131ndan ger\u00e7ekle\u015ftirilen ve sonunda daha iri g\u00f6z g\u00f6r\u00fcn\u00fcm\u00fc,kal\u0131nla\u015fm\u0131\u015f,s\u0131kla\u015fm\u0131\u015f kirpik ve kalkm\u0131\u015f g\u00f6z kapaklar\u0131 etkisi sa\u011flayan, 5 ad\u0131mdan olu\u015fan bir prosed\u00fcrd\u00fcr. Yumi Lashes;pigment,keratin ve vitamin takviyeleri ile yap\u0131lan kirpik bak\u0131m i\u015flemidir.Kirpiklerinize 2 ay s\u00fcre ile ideal uzunluk,keskin k\u0131vr\u0131m ve g\u00f6zle g\u00f6r\u00fcl\u00fcr dolgunluk sa\u011flar. Yumi Lashes;kesinlikle zarars\u0131zd\u0131r ve geli\u015ftirilen en son kozmetik teknolojilerinin ba\u015far\u0131l\u0131 bir uyumudur. Yumi Lashes besleyici maddeleri sayesinde kirpik yap\u0131s\u0131n\u0131 g\u00fc\u00e7lendirir. \u0130ri g\u00f6z g\u00f6r\u00fcn\u00fcm\u00fc etkisi \u00f6zel pigment dolgusu sayesinde ger\u00e7ekle\u015fiyor,i\u015flem sonras\u0131 kirpiklere \u00f6zel ek bak\u0131m veya d\u00fczeltme gerekmiyor.Herhangi bir huzursuzluk hissetmiyorsunuz,kirpiklerinize rimel s\u00fcrebilir,makyaj yapabilir,makyaj\u0131n\u0131z\u0131 temizliyebilirsiniz. Kirpikleriniz yumu\u015fak,d\u00fczg\u00fcn,en \u00f6nemlisi do\u011fal g\u00f6r\u00fcn\u00fcml\u00fc olucak. Yumi Lashes,kirpiklerde alerjiye neden olmaz,kirpiklerinizin yap\u0131s\u0131 g\u00fc\u00e7l\u00fc,yumu\u015fak ve parlak hale gelir. YUM\u0130 LASHES \u0130LE ; Kirpiklerinizi her t\u00fcrl\u00fc kozmetik \u00fcr\u00fcnlerle y\u0131kamak m\u00fcmk\u00fcn. Her t\u00fcrl\u00fc g\u00f6z \u00e7evresi kremler kullanmak m\u00fcmk\u00fcn. Her \u015fekilde uyumak m\u00fcmk\u00fcn. Saunaya gidebilir. Denizde y\u00fczebilir. Lens kullanabilir. Rimel s\u00fcrebilirsiniz.<\/p>\n","protected":false},"excerpt":{"rendered":"<p>YUM\u0130 LASHES KERAT\u0130N K\u0130RP\u0130K BAKIMI Yumi Lashes,kirpik geli\u015ftirme g\u00fczellik d\u00fcnyas\u0131n\u0131n ger\u00e7ek bir devrimidir. \u0130svi\u00e7re de \u00fcretilen ve art\u0131k b\u00fct\u00fcn Avrupa \u00fclkelerinde \u00fcn kazanan Yumi Lashes i\u015flemi \u015fimdi sizler i\u00e7in ESSPLUS. Yumi Lashes sadece yetkili uzman taraf\u0131ndan ger\u00e7ekle\u015ftirilen ve sonunda daha iri g\u00f6z g\u00f6r\u00fcn\u00fcm\u00fc,kal\u0131nla\u015fm\u0131\u015f,s\u0131kla\u015fm\u0131\u015f kirpik ve kalkm\u0131\u015f g\u00f6z kapaklar\u0131 etkisi sa\u011flayan, 5 ad\u0131mdan olu\u015fan bir prosed\u00fcrd\u00fcr. [&hellip;]<\/p>\n","protected":false},"author":1,"featured_media":5901,"parent":5858,"menu_order":0,"comment_status":"closed","ping_status":"closed","template":"","meta":{"footnotes":""},"class_list":["post-5852","page","type-page","status-publish","has-post-thumbnail","hentry"],"_links":{"self":[{"href":"https:\/\/netfikirhost.com\/website\/essplus\/wp-json\/wp\/v2\/pages\/5852","targetHints":{"allow":["GET"]}}],"collection":[{"href":"https:\/\/netfikirhost.com\/website\/essplus\/wp-json\/wp\/v2\/pages"}],"about":[{"href":"https:\/\/netfikirhost.com\/website\/essplus\/wp-json\/wp\/v2\/types\/page"}],"author":[{"embeddable":true,"href":"https:\/\/netfikirhost.com\/website\/essplus\/wp-json\/wp\/v2\/users\/1"}],"replies":[{"embeddable":true,"href":"https:\/\/netfikirhost.com\/website\/essplus\/wp-json\/wp\/v2\/comments?post=5852"}],"version-history":[{"count":0,"href":"https:\/\/netfikirhost.com\/website\/essplus\/wp-json\/wp\/v2\/pages\/5852\/revisions"}],"up":[{"embeddable":true,"href":"https:\/\/netfikirhost.com\/website\/essplus\/wp-json\/wp\/v2\/pages\/5858"}],"wp:featuredmedia":[{"embeddable":true,"href":"https:\/\/netfikirhost.com\/website\/essplus\/wp-json\/wp\/v2\/media\/5901"}],"wp:attachment":[{"href":"https:\/\/netfikirhost.com\/website\/essplus\/wp-json\/wp\/v2\/media?parent=5852"}],"curies":[{"name":"wp","href":"https:\/\/api.w.org\/{rel}","templated":true}]}}