{"id":5849,"date":"2026-04-14T14:47:15","date_gmt":"2026-04-14T11:47:15","guid":{"rendered":"https:\/\/netfikirhost.com\/website\/essplus\/selulit-uygulamasi\/"},"modified":"2026-04-14T15:33:42","modified_gmt":"2026-04-14T12:33:42","slug":"selulit-uygulamasi","status":"publish","type":"page","link":"https:\/\/netfikirhost.com\/website\/essplus\/hizmetlerimiz\/selulit-uygulamasi\/","title":{"rendered":"Sel\u00fclit Uygulamas\u0131"},"content":{"rendered":"<p>SEL\u00dcL\u0130T TEDAV\u0130S\u0130 G\u00fcn\u00fcm\u00fczde bir \u00e7ok kad\u0131nda s\u0131kl\u0131kla kar\u015f\u0131la\u015f\u0131lan,\u00f6zellikle yaz aylar\u0131nda kad\u0131nlar\u0131n kabusu haline gelen sel\u00fclitler art\u0131k sorun olmaktan \u00e7\u0131k\u0131yor. Dola\u015f\u0131m bozuklu\u011funun, g\u00fcn i\u00e7erisinde s\u0131kl\u0131kla t\u00fcketilen g\u0131dalar\u0131n, hormanlar\u0131m\u0131z\u0131n ve hareketsiz kalman\u0131n sonucunda meydana gelen portakal kabu\u011fu g\u00f6r\u00fcnt\u00fcs\u00fcn\u00fcn giderilmesi i\u00e7in uygulan\u0131r. Dola\u015f\u0131m d\u00fczenlenerek sel\u00fclitli b\u00f6lge hareketlendirilir. Hareketlenen sel\u00fclitli b\u00f6lge zamanla g\u00f6r\u00fcn\u00fcm olarak d\u00fczle\u015fir ve s\u0131k\u0131la\u015f\u0131r. SEL\u00dcL\u0130T Ya\u011f h\u00fccreleri aras\u0131nda dola\u015f\u0131m\u0131n bozulmas\u0131 nedeniyle h\u00fccrelerde sertle\u015fme ve bozulmalar meydana gelir.Bozulmalar deri ile doku aras\u0131nda bo\u015fluklar olu\u015fmas\u0131na neden olur ve bu duruma sel\u00fclit denir.Derinin alt\u0131ndaki ya\u011f tabakas\u0131nda olu\u015ftu\u011fu i\u00e7in diyet ve spor yapmak sel\u00fclit tedavisi i\u00e7in etkili bir y\u00f6ntem de\u011fildir.Sel\u00fclit b\u00f6lgedeki kan dola\u015f\u0131m\u0131n\u0131n yava\u015flamas\u0131 sonucu meydana gelmektedir.Kan dola\u015f\u0131m\u0131n\u0131n yava\u015flad\u0131\u011f\u0131 b\u00f6lgede damardan doku s\u0131v\u0131s\u0131 \u00e7\u0131kar,\u00e7\u0131kan bu s\u0131v\u0131 ba\u011f dokusu ile kaplan\u0131r ve deri alt\u0131nda bo\u015fluklara ve portakal kabu\u011fu g\u00f6r\u00fcn\u00fcm\u00fcne neden olmaktad\u0131r. SEL\u00dcL\u0130T DERECELER\u0130 1.DERECE: Ba\u015flang\u0131\u00e7 seviyesindeki bu durum d\u0131\u015far\u0131dan g\u00f6zle g\u00f6r\u00fclmez,derinin elle s\u0131k\u0131\u015ft\u0131r\u0131lmas\u0131 sonucu g\u00f6r\u00fclebilir. 2.DERECE: Orta seviyede olan bu rahats\u0131zl\u0131k d\u0131\u015far\u0131dan bak\u0131ld\u0131\u011f\u0131nda \u00e7ok belli olmasada g\u00f6r\u00fclebilir. 3.DERECE: A\u011fr\u0131lara varan ve olduk\u00e7a belirgin \u015fekilde g\u00f6z\u00fcken rahats\u0131zl\u0131kt\u0131r. Yap\u0131lan uygulamalar\u0131n kesin sonu\u00e7 verebilmesi selilitin derecesine g\u00f6re farkl\u0131l\u0131k g\u00f6stermektedir,yukar\u0131da s\u00f6z etti\u011fimiz birinci ve ikinci derecedeki rahats\u0131zl\u0131klar 8 ila 10 seans aras\u0131nda tamamen \u00e7\u00f6z\u00fclebilmektedir \u00fc\u00e7\u00fcnc\u00fc derecedeki sel\u00fclit sorunlar\u0131 ise en alt seviyelere inmektedir. LENF DRENAJ V\u00fccuttaki lenfatik ve ven\u00f6z dola\u015f\u0131m\u0131n\u0131 d\u00fczene koyan bir masaj cihaz\u0131d\u0131r. Damarlar aras\u0131nda biriken s\u0131v\u0131 dreneje edilir. V\u00fccutta olu\u015fan \u00f6demin ve toksinlerin at\u0131lmas\u0131nda, kan dola\u015f\u0131m\u0131n\u0131n d\u00fczenlenmesinde, sel\u00fclit tedavisinde, v\u00fccut s\u0131k\u0131la\u015fmas\u0131nda, b\u00f6lgesel incelmede (kavitasyon sonras\u0131 par\u00e7alanan ya\u011flar\u0131n at\u0131l\u0131m\u0131) kullan\u0131lan bir cihazd\u0131r.<\/p>\n","protected":false},"excerpt":{"rendered":"<p>SEL\u00dcL\u0130T TEDAV\u0130S\u0130 G\u00fcn\u00fcm\u00fczde bir \u00e7ok kad\u0131nda s\u0131kl\u0131kla kar\u015f\u0131la\u015f\u0131lan,\u00f6zellikle yaz aylar\u0131nda kad\u0131nlar\u0131n kabusu haline gelen sel\u00fclitler art\u0131k sorun olmaktan \u00e7\u0131k\u0131yor. Dola\u015f\u0131m bozuklu\u011funun, g\u00fcn i\u00e7erisinde s\u0131kl\u0131kla t\u00fcketilen g\u0131dalar\u0131n, hormanlar\u0131m\u0131z\u0131n ve hareketsiz kalman\u0131n sonucunda meydana gelen portakal kabu\u011fu g\u00f6r\u00fcnt\u00fcs\u00fcn\u00fcn giderilmesi i\u00e7in uygulan\u0131r. Dola\u015f\u0131m d\u00fczenlenerek sel\u00fclitli b\u00f6lge hareketlendirilir. Hareketlenen sel\u00fclitli b\u00f6lge zamanla g\u00f6r\u00fcn\u00fcm olarak d\u00fczle\u015fir ve s\u0131k\u0131la\u015f\u0131r. SEL\u00dcL\u0130T Ya\u011f [&hellip;]<\/p>\n","protected":false},"author":1,"featured_media":5908,"parent":5858,"menu_order":0,"comment_status":"closed","ping_status":"closed","template":"","meta":{"footnotes":""},"class_list":["post-5849","page","type-page","status-publish","has-post-thumbnail","hentry"],"_links":{"self":[{"href":"https:\/\/netfikirhost.com\/website\/essplus\/wp-json\/wp\/v2\/pages\/5849","targetHints":{"allow":["GET"]}}],"collection":[{"href":"https:\/\/netfikirhost.com\/website\/essplus\/wp-json\/wp\/v2\/pages"}],"about":[{"href":"https:\/\/netfikirhost.com\/website\/essplus\/wp-json\/wp\/v2\/types\/page"}],"author":[{"embeddable":true,"href":"https:\/\/netfikirhost.com\/website\/essplus\/wp-json\/wp\/v2\/users\/1"}],"replies":[{"embeddable":true,"href":"https:\/\/netfikirhost.com\/website\/essplus\/wp-json\/wp\/v2\/comments?post=5849"}],"version-history":[{"count":0,"href":"https:\/\/netfikirhost.com\/website\/essplus\/wp-json\/wp\/v2\/pages\/5849\/revisions"}],"up":[{"embeddable":true,"href":"https:\/\/netfikirhost.com\/website\/essplus\/wp-json\/wp\/v2\/pages\/5858"}],"wp:featuredmedia":[{"embeddable":true,"href":"https:\/\/netfikirhost.com\/website\/essplus\/wp-json\/wp\/v2\/media\/5908"}],"wp:attachment":[{"href":"https:\/\/netfikirhost.com\/website\/essplus\/wp-json\/wp\/v2\/media?parent=5849"}],"curies":[{"name":"wp","href":"https:\/\/api.w.org\/{rel}","templated":true}]}}