{"id":5845,"date":"2026-04-14T14:47:15","date_gmt":"2026-04-14T11:47:15","guid":{"rendered":"https:\/\/netfikirhost.com\/website\/essplus\/depilasyon-islemleri-agda\/"},"modified":"2026-04-14T15:45:41","modified_gmt":"2026-04-14T12:45:41","slug":"depilasyon-islemleri-agda","status":"publish","type":"page","link":"https:\/\/netfikirhost.com\/website\/essplus\/hizmetlerimiz\/depilasyon-islemleri-agda\/","title":{"rendered":"Depilasyon \u0130\u015flemleri (A\u011fda)"},"content":{"rendered":"<div>Cildinizi tazelemeye, t\u00fcylerinizden kurtulmaya haz\u0131rm\u0131s\u0131n\u0131z ?<\/div>\n<div><\/div>\n<div>Sir A\u011fda, di\u011fer a\u011fda \u00e7e\u015fitlerine g\u00f6re hem daha sa\u011fl\u0131kl\u0131, hem de uygulama a\u00e7\u0131s\u0131ndan daha pratik bir y\u00f6ntemdir en b\u00fcy\u00fck \u00f6zelli\u011fi ise k\u0131l k\u00f6klerini zay\u0131flatmas\u0131 d\u00fczenli kullan\u0131ld\u0131\u011f\u0131nda sir a\u011fda uygulad\u0131\u011f\u0131m\u0131z b\u00f6lgede t\u00fcylerinizin gittik\u00e7e zay\u0131flad\u0131\u011f\u0131n\u0131 g\u00f6zlemleyebilirsiniz; \u00e7\u00fcnk\u00fc sir a\u011fda i\u00e7erisinde \u015feker bar\u0131nd\u0131rmad\u0131\u011f\u0131ndan k\u0131l k\u00f6klerini beslemez aksine zay\u0131flamalar\u0131n\u0131 sa\u011flar.<\/div>\n<div><\/div>\n<div>\u00c7am a\u011fac\u0131n\u0131n re\u00e7inelerinden elde edilen ve bitkisel birtak\u0131m ya\u011flarla kullan\u0131ma haz\u0131r hale getirilen bu do\u011fal kar\u0131\u015f\u0131m kuvvetli bir a\u011fda \u00e7e\u015fididir tamamen bitkisel oldu\u011fu i\u00e7in cilde zarar vermeyecek \u00f6l\u00e7\u00fcde hijyenik ve sa\u011fl\u0131kl\u0131d\u0131r.<\/div>\n","protected":false},"excerpt":{"rendered":"<p>Cildinizi tazelemeye, t\u00fcylerinizden kurtulmaya haz\u0131rm\u0131s\u0131n\u0131z ? Sir A\u011fda, di\u011fer a\u011fda \u00e7e\u015fitlerine g\u00f6re hem daha sa\u011fl\u0131kl\u0131, hem de uygulama a\u00e7\u0131s\u0131ndan daha pratik bir y\u00f6ntemdir en b\u00fcy\u00fck \u00f6zelli\u011fi ise k\u0131l k\u00f6klerini zay\u0131flatmas\u0131 d\u00fczenli kullan\u0131ld\u0131\u011f\u0131nda sir a\u011fda uygulad\u0131\u011f\u0131m\u0131z b\u00f6lgede t\u00fcylerinizin gittik\u00e7e zay\u0131flad\u0131\u011f\u0131n\u0131 g\u00f6zlemleyebilirsiniz; \u00e7\u00fcnk\u00fc sir a\u011fda i\u00e7erisinde \u015feker bar\u0131nd\u0131rmad\u0131\u011f\u0131ndan k\u0131l k\u00f6klerini beslemez aksine zay\u0131flamalar\u0131n\u0131 sa\u011flar. \u00c7am a\u011fac\u0131n\u0131n re\u00e7inelerinden [&hellip;]<\/p>\n","protected":false},"author":1,"featured_media":5913,"parent":5858,"menu_order":0,"comment_status":"closed","ping_status":"closed","template":"","meta":{"footnotes":""},"class_list":["post-5845","page","type-page","status-publish","has-post-thumbnail","hentry"],"_links":{"self":[{"href":"https:\/\/netfikirhost.com\/website\/essplus\/wp-json\/wp\/v2\/pages\/5845","targetHints":{"allow":["GET"]}}],"collection":[{"href":"https:\/\/netfikirhost.com\/website\/essplus\/wp-json\/wp\/v2\/pages"}],"about":[{"href":"https:\/\/netfikirhost.com\/website\/essplus\/wp-json\/wp\/v2\/types\/page"}],"author":[{"embeddable":true,"href":"https:\/\/netfikirhost.com\/website\/essplus\/wp-json\/wp\/v2\/users\/1"}],"replies":[{"embeddable":true,"href":"https:\/\/netfikirhost.com\/website\/essplus\/wp-json\/wp\/v2\/comments?post=5845"}],"version-history":[{"count":0,"href":"https:\/\/netfikirhost.com\/website\/essplus\/wp-json\/wp\/v2\/pages\/5845\/revisions"}],"up":[{"embeddable":true,"href":"https:\/\/netfikirhost.com\/website\/essplus\/wp-json\/wp\/v2\/pages\/5858"}],"wp:featuredmedia":[{"embeddable":true,"href":"https:\/\/netfikirhost.com\/website\/essplus\/wp-json\/wp\/v2\/media\/5913"}],"wp:attachment":[{"href":"https:\/\/netfikirhost.com\/website\/essplus\/wp-json\/wp\/v2\/media?parent=5845"}],"curies":[{"name":"wp","href":"https:\/\/api.w.org\/{rel}","templated":true}]}}