{"id":5844,"date":"2026-04-14T14:47:15","date_gmt":"2026-04-14T11:47:15","guid":{"rendered":"https:\/\/netfikirhost.com\/website\/essplus\/ipek-kirpik\/"},"modified":"2026-04-14T15:35:53","modified_gmt":"2026-04-14T12:35:53","slug":"ipek-kirpik","status":"publish","type":"page","link":"https:\/\/netfikirhost.com\/website\/essplus\/hizmetlerimiz\/ipek-kirpik\/","title":{"rendered":"\u0130pek Kirpik"},"content":{"rendered":"<p>Var olan kirpiklerinizi daha uzun daha yo\u011fun hale getirmek istiyorsan\u0131z kirpiklerinizin d\u00fcz, seyrek , a\u00e7\u0131k renk yada ince bir yap\u0131da olmas\u0131ndan \u015fikayet ediyor, kirpikleriniz \u00e7ok daha fark edilir olsun istiyorsan\u0131z size en uygun y\u00f6ntem \u0130PEK K\u0130RP\u0130K. \u0130pek kirpik i\u015flemi olduk\u00e7a ustal\u0131k isteyen bir uygulamad\u0131r \u0130pek kirpikler ki\u015finin kendi kirpi\u011fine tek tek yap\u0131\u015ft\u0131r\u0131larak uygulan\u0131r kullan\u0131m s\u00fcresi ki\u015finin kullan\u0131m\u0131na g\u00f6re de\u011fi\u015fmekle birlikte 1 ile 1.5 ay aras\u0131nda kal\u0131c\u0131l\u0131k sa\u011flar, kirpik i\u015fleminde kullan\u0131lan yap\u0131\u015ft\u0131r\u0131c\u0131n\u0131n organik ve hipo &#8211; alerjik olmas\u0131, g\u00f6zlerde hassasiyet yapmamas\u0131 a\u00e7\u0131s\u0131ndan olduk\u00e7a \u00f6nemlidir i\u015flem ortalama 2 saat s\u00fcrmekle birlikte kullan\u0131lan malzemelerin ve yap\u0131lan ortam\u0131n hijyenik olmas\u0131na dikkat edilmelidir.<\/p>\n","protected":false},"excerpt":{"rendered":"<p>Var olan kirpiklerinizi daha uzun daha yo\u011fun hale getirmek istiyorsan\u0131z kirpiklerinizin d\u00fcz, seyrek , a\u00e7\u0131k renk yada ince bir yap\u0131da olmas\u0131ndan \u015fikayet ediyor, kirpikleriniz \u00e7ok daha fark edilir olsun istiyorsan\u0131z size en uygun y\u00f6ntem \u0130PEK K\u0130RP\u0130K. \u0130pek kirpik i\u015flemi olduk\u00e7a ustal\u0131k isteyen bir uygulamad\u0131r \u0130pek kirpikler ki\u015finin kendi kirpi\u011fine tek tek yap\u0131\u015ft\u0131r\u0131larak uygulan\u0131r kullan\u0131m s\u00fcresi [&hellip;]<\/p>\n","protected":false},"author":1,"featured_media":5895,"parent":5858,"menu_order":0,"comment_status":"closed","ping_status":"closed","template":"","meta":{"footnotes":""},"class_list":["post-5844","page","type-page","status-publish","has-post-thumbnail","hentry"],"_links":{"self":[{"href":"https:\/\/netfikirhost.com\/website\/essplus\/wp-json\/wp\/v2\/pages\/5844","targetHints":{"allow":["GET"]}}],"collection":[{"href":"https:\/\/netfikirhost.com\/website\/essplus\/wp-json\/wp\/v2\/pages"}],"about":[{"href":"https:\/\/netfikirhost.com\/website\/essplus\/wp-json\/wp\/v2\/types\/page"}],"author":[{"embeddable":true,"href":"https:\/\/netfikirhost.com\/website\/essplus\/wp-json\/wp\/v2\/users\/1"}],"replies":[{"embeddable":true,"href":"https:\/\/netfikirhost.com\/website\/essplus\/wp-json\/wp\/v2\/comments?post=5844"}],"version-history":[{"count":0,"href":"https:\/\/netfikirhost.com\/website\/essplus\/wp-json\/wp\/v2\/pages\/5844\/revisions"}],"up":[{"embeddable":true,"href":"https:\/\/netfikirhost.com\/website\/essplus\/wp-json\/wp\/v2\/pages\/5858"}],"wp:featuredmedia":[{"embeddable":true,"href":"https:\/\/netfikirhost.com\/website\/essplus\/wp-json\/wp\/v2\/media\/5895"}],"wp:attachment":[{"href":"https:\/\/netfikirhost.com\/website\/essplus\/wp-json\/wp\/v2\/media?parent=5844"}],"curies":[{"name":"wp","href":"https:\/\/api.w.org\/{rel}","templated":true}]}}