{"id":5842,"date":"2026-04-14T14:47:15","date_gmt":"2026-04-14T11:47:15","guid":{"rendered":"https:\/\/netfikirhost.com\/website\/essplus\/kayip-tirnak\/"},"modified":"2026-04-14T15:31:24","modified_gmt":"2026-04-14T12:31:24","slug":"kayip-tirnak","status":"publish","type":"page","link":"https:\/\/netfikirhost.com\/website\/essplus\/hizmetlerimiz\/kayip-tirnak\/","title":{"rendered":"Kay\u0131p T\u0131rnak"},"content":{"rendered":"<p>MANTAR TEDAV\u0130S\u0130 VE KAYIP TIRNAK TEDAV\u0130S\u0130 T\u0131rnak mantar\u0131 dolay\u0131s\u0131yla bozulan t\u0131rnak yap\u0131s\u0131n\u0131n \u00fczerindeki kal\u0131nla\u015fan tabaka cihazlar yard\u0131m\u0131yla temizlenir. Temizlenmi\u015f olan t\u0131rna\u011f\u0131n \u00fczerine jel ile kaplama yap\u0131l\u0131r.<\/p>\n","protected":false},"excerpt":{"rendered":"<p>MANTAR TEDAV\u0130S\u0130 VE KAYIP TIRNAK TEDAV\u0130S\u0130 T\u0131rnak mantar\u0131 dolay\u0131s\u0131yla bozulan t\u0131rnak yap\u0131s\u0131n\u0131n \u00fczerindeki kal\u0131nla\u015fan tabaka cihazlar yard\u0131m\u0131yla temizlenir. Temizlenmi\u015f olan t\u0131rna\u011f\u0131n \u00fczerine jel ile kaplama yap\u0131l\u0131r.<\/p>\n","protected":false},"author":1,"featured_media":5900,"parent":5858,"menu_order":0,"comment_status":"closed","ping_status":"closed","template":"","meta":{"footnotes":""},"class_list":["post-5842","page","type-page","status-publish","has-post-thumbnail","hentry"],"_links":{"self":[{"href":"https:\/\/netfikirhost.com\/website\/essplus\/wp-json\/wp\/v2\/pages\/5842","targetHints":{"allow":["GET"]}}],"collection":[{"href":"https:\/\/netfikirhost.com\/website\/essplus\/wp-json\/wp\/v2\/pages"}],"about":[{"href":"https:\/\/netfikirhost.com\/website\/essplus\/wp-json\/wp\/v2\/types\/page"}],"author":[{"embeddable":true,"href":"https:\/\/netfikirhost.com\/website\/essplus\/wp-json\/wp\/v2\/users\/1"}],"replies":[{"embeddable":true,"href":"https:\/\/netfikirhost.com\/website\/essplus\/wp-json\/wp\/v2\/comments?post=5842"}],"version-history":[{"count":0,"href":"https:\/\/netfikirhost.com\/website\/essplus\/wp-json\/wp\/v2\/pages\/5842\/revisions"}],"up":[{"embeddable":true,"href":"https:\/\/netfikirhost.com\/website\/essplus\/wp-json\/wp\/v2\/pages\/5858"}],"wp:featuredmedia":[{"embeddable":true,"href":"https:\/\/netfikirhost.com\/website\/essplus\/wp-json\/wp\/v2\/media\/5900"}],"wp:attachment":[{"href":"https:\/\/netfikirhost.com\/website\/essplus\/wp-json\/wp\/v2\/media?parent=5842"}],"curies":[{"name":"wp","href":"https:\/\/api.w.org\/{rel}","templated":true}]}}