{"id":5833,"date":"2026-04-14T14:47:15","date_gmt":"2026-04-14T11:47:15","guid":{"rendered":"https:\/\/netfikirhost.com\/website\/essplus\/bolgesel-incelme\/"},"modified":"2026-04-14T15:30:33","modified_gmt":"2026-04-14T12:30:33","slug":"bolgesel-incelme","status":"publish","type":"page","link":"https:\/\/netfikirhost.com\/website\/essplus\/hizmetlerimiz\/bolgesel-incelme\/","title":{"rendered":"B\u00f6lgesel \u0130ncelme"},"content":{"rendered":"<p>4 Boyutlu \u0130ncelme (4 D SL\u0130MM\u0130NG) Coax MED &#8211; B\u00f6lgesel \u0130ncelme \u0130stenmeyen b\u00f6lgesel ya\u011flar; bayan, erkek g\u00fcn\u00fcm\u00fcz insan\u0131n\u0131n en b\u00fcy\u00fck sorunlar\u0131ndan biridir.Ne yaz\u0131k ki eskiye oranla oturarak,masa ba\u015f\u0131nda yap\u0131lan i\u015fler artt\u0131k\u00e7a bu sorunun \u00e7\u00f6z\u00fcm\u00fcne y\u00f6nelik pek \u00e7ok teknolojide sunulmaya ba\u015flanm\u0131\u015ft\u0131r.Bu konuda en son teknoloji ise; coax med cihaz\u0131d\u0131r.B\u00f6lgesel incelme program\u0131m\u0131z\u0131n i\u015flem basamaklar\u0131 a\u015fa\u011f\u0131daki gibidir. V\u00fccut Analizi \u00d6zel bir cihaz yard\u0131m\u0131yla v\u00fccutta bulunan ya\u011f, kas, su,v\u00fccut kitle endeksinin ve metabolizma h\u0131z\u0131n\u0131n hesapland\u0131\u011f\u0131 b\u00f6lgesel incelmenin ilk a\u015famas\u0131d\u0131r. Uygulama yap\u0131lacak b\u00f6lge uzmanlar\u0131m\u0131z taraf\u0131ndan kontrolleri ve \u00f6l\u00e7\u00fcmleri yap\u0131ld\u0131ktan sonra v\u00fccut analiz cihaz\u0131nda v\u00fccutta bulunan Kas, Ya\u011f Su V\u00fccut kitle endeksi Ki\u015finin g\u00fcnl\u00fck kalorisi kilo kontrol\u00fc metebolizma h\u0131z\u0131 yaz\u0131l\u0131msal ve grafiksel olarak \u00f6l\u00e7\u00fcmlenir ve belirlenir. So\u011fuk Lipoliz Ya\u011f h\u00fccrelerini ameliyats\u0131z bir \u015fekilde par\u00e7alar ve yok eder. So\u011fuk lipoliz tedavisi v\u00fccudun g\u00f6bek yan b\u00f6lge sezeryan do\u011fum sonras\u0131nda olu\u015fan alt kar\u0131n, s\u0131rt basen kol bacak gibi b\u00f6lgelerinde olu\u015fan ya\u011f birikimlerinin % 20 ile % 60 oran\u0131nda kal\u0131c\u0131 olarak azalmas\u0131n\u0131 sa\u011flayan bir y\u00f6ntemdir. \u0130\u015flem s\u0131ras\u0131nda cihaz ya\u011f tabakas\u0131n\u0131n bulundu\u011fu alan\u0131 &#8211; 10 dereceye kadar so\u011futur i\u015flem yap\u0131lan b\u00f6lge uygulanan s\u0131cakl\u0131ktaki ani d\u00fc\u015f\u00fc\u015fe ba\u011fl\u0131 olarak ayn\u0131 zamanda da s\u0131k\u0131la\u015fmaktad\u0131r. Bu y\u00f6ntem ile istenmeyen b\u00f6lgesel ya\u011flar vakumlanarak ve so\u011futularak kristalle\u015ftirilir. G\u00fcvenilir ve sonu\u00e7 odakl\u0131 bir y\u00f6ntem olan so\u011fuk lipoliz kar\u0131n, yan b\u00f6lge, s\u0131rt, bacak, basen ve kol b\u00f6lgelerine uygulanabilir. So\u011fuk lipoliz uygulan\u0131cak b\u00f6lgeler uzmanlar taraf\u0131ndan tespit edilip, ayda bir seans aral\u0131klar\u0131 ile uygulama yap\u0131l\u0131r, uygulama yap\u0131lan b\u00f6lgede k\u0131zar\u0131kl\u0131k ve ge\u00e7ici bir ka\u015f\u0131nma &#8211; uyu\u015fma hissi olu\u015fsa da bu \u00e7ok k\u0131sa bir s\u00fcre sonra ortadan kalkar i\u015flem tamamen ac\u0131s\u0131z ve a\u011fr\u0131s\u0131z bir y\u00f6ntemdir. Kavitasyon Ultrasonik ses dalgas\u0131, radyo frekans ve \u0131s\u0131 y\u00f6ntemi ile b\u00f6lgesel incelme i\u015flemidir. Ses dalgalar\u0131 ya\u011f h\u00fccrelerinde odaklanarak mekanik etki ile ya\u011f h\u00fccreleri zar\u0131n\u0131 par\u00e7alar ve ya\u011flar\u0131 s\u0131v\u0131la\u015ft\u0131r\u0131r bu etki v\u00fccutta depolanm\u0131\u015f ya\u011flar\u0131n yap\u0131s\u0131n\u0131 bozar. S\u0131v\u0131la\u015fan ya\u011flar lenf yoluyla v\u00fccudumuzdan at\u0131l\u0131r. Cilt dokusunda yenilenme ve s\u0131k\u0131la\u015fma meydana gelir ayr\u0131ca b\u00f6lgedeki ya\u011flar par\u00e7aland\u0131\u011f\u0131ndan b\u00f6lgede ciddi bir incelme olu\u015fur. Sonix Sonix cihaz\u0131n\u0131n en b\u00fcy\u00fck etkisi v\u00fccudumuzda bulunan uzun ve k\u0131sa t\u00fcm kaslar\u0131n \u00e7al\u0131\u015fmas\u0131n\u0131 sa\u011flamas\u0131d\u0131r. Bu sayede 90 dakikada yap\u0131lacak bir sporu 10 dakikal\u0131k s\u00fcre i\u00e7inde Sonix cihaz\u0131 ile tamamlanm\u0131\u015f olur. Kavitasyon i\u015fleminde par\u00e7alanan ya\u011flar\u0131n v\u00fccuttan at\u0131lmas\u0131n\u0131 h\u0131zland\u0131rmaya yard\u0131mc\u0131 ve ayr\u0131ca v\u00fccut \u015fekillenmesine destek verici bir cihazd\u0131r. Pinner Test V\u00fccudumuzda d\u00f6nem d\u00f6nem \u015fi\u015fkinlik, rahats\u0131zl\u0131k, haz\u0131ms\u0131zl\u0131k vs. hissederiz. Kilo vermede zorlan\u0131r\u0131z. Bu a\u015famada bize yard\u0131mc\u0131 olacak g\u0131da intolerans testidir. Pinner test 120-200 aras\u0131 g\u0131dalar i\u00e7inde yap\u0131lan testtir ve tekrarlanabilir. Lenf Drenaj V\u00fccuttaki lenfatik ve ven\u00f6z dola\u015f\u0131m\u0131n\u0131 d\u00fczene koyan bir masaj cihaz\u0131d\u0131r. Damarlar aras\u0131nda biriken s\u0131v\u0131 dreneje edilir. V\u00fccutta olu\u015fan \u00f6demin ve toksinlerin at\u0131lmas\u0131nda, kan dola\u015f\u0131m\u0131n\u0131n d\u00fczenlenmesinde, sel\u00fclit tedavisinde, v\u00fccut s\u0131k\u0131la\u015fmas\u0131nda, b\u00f6lgesel incelmede (kavitasyon sonras\u0131 par\u00e7alanan ya\u011flar\u0131n at\u0131l\u0131m\u0131) kullan\u0131lan bir cihazd\u0131r.<\/p>\n","protected":false},"excerpt":{"rendered":"<p>4 Boyutlu \u0130ncelme (4 D SL\u0130MM\u0130NG) Coax MED &#8211; B\u00f6lgesel \u0130ncelme \u0130stenmeyen b\u00f6lgesel ya\u011flar; bayan, erkek g\u00fcn\u00fcm\u00fcz insan\u0131n\u0131n en b\u00fcy\u00fck sorunlar\u0131ndan biridir.Ne yaz\u0131k ki eskiye oranla oturarak,masa ba\u015f\u0131nda yap\u0131lan i\u015fler artt\u0131k\u00e7a bu sorunun \u00e7\u00f6z\u00fcm\u00fcne y\u00f6nelik pek \u00e7ok teknolojide sunulmaya ba\u015flanm\u0131\u015ft\u0131r.Bu konuda en son teknoloji ise; coax med cihaz\u0131d\u0131r.B\u00f6lgesel incelme program\u0131m\u0131z\u0131n i\u015flem basamaklar\u0131 a\u015fa\u011f\u0131daki gibidir. V\u00fccut [&hellip;]<\/p>\n","protected":false},"author":1,"featured_media":5889,"parent":5858,"menu_order":0,"comment_status":"closed","ping_status":"closed","template":"","meta":{"footnotes":""},"class_list":["post-5833","page","type-page","status-publish","has-post-thumbnail","hentry"],"_links":{"self":[{"href":"https:\/\/netfikirhost.com\/website\/essplus\/wp-json\/wp\/v2\/pages\/5833","targetHints":{"allow":["GET"]}}],"collection":[{"href":"https:\/\/netfikirhost.com\/website\/essplus\/wp-json\/wp\/v2\/pages"}],"about":[{"href":"https:\/\/netfikirhost.com\/website\/essplus\/wp-json\/wp\/v2\/types\/page"}],"author":[{"embeddable":true,"href":"https:\/\/netfikirhost.com\/website\/essplus\/wp-json\/wp\/v2\/users\/1"}],"replies":[{"embeddable":true,"href":"https:\/\/netfikirhost.com\/website\/essplus\/wp-json\/wp\/v2\/comments?post=5833"}],"version-history":[{"count":0,"href":"https:\/\/netfikirhost.com\/website\/essplus\/wp-json\/wp\/v2\/pages\/5833\/revisions"}],"up":[{"embeddable":true,"href":"https:\/\/netfikirhost.com\/website\/essplus\/wp-json\/wp\/v2\/pages\/5858"}],"wp:featuredmedia":[{"embeddable":true,"href":"https:\/\/netfikirhost.com\/website\/essplus\/wp-json\/wp\/v2\/media\/5889"}],"wp:attachment":[{"href":"https:\/\/netfikirhost.com\/website\/essplus\/wp-json\/wp\/v2\/media?parent=5833"}],"curies":[{"name":"wp","href":"https:\/\/api.w.org\/{rel}","templated":true}]}}