{"id":5823,"date":"2026-04-13T16:44:52","date_gmt":"2026-04-13T13:44:52","guid":{"rendered":"https:\/\/netfikirhost.com\/website\/essplus\/?page_id=5823"},"modified":"2026-04-13T16:44:52","modified_gmt":"2026-04-13T13:44:52","slug":"acik-riza-metni","status":"publish","type":"page","link":"https:\/\/netfikirhost.com\/website\/essplus\/acik-riza-metni\/","title":{"rendered":"A\u00e7\u0131k R\u0131za Metni"},"content":{"rendered":"<p style=\"font-weight: 400;\">Ki\u015fisel Verilerin Korunmas\u0131 \u0130\u015flenmesi Hakk\u0131nda A\u00e7\u0131k R\u0131za Metni<\/p>\n<p>ESSPLUS G\u00dcZELL\u0130K SALONU (DB G\u00dcZELL\u0130K MERKEZ\u0130 MED\u0130KAL DANI\u015eMANLIK SAN. ve T\u0130C. LTD. \u015eT\u0130.)\u00a0\u00a0taraf\u0131ndan 6698 say\u0131l\u0131 Ki\u015fisel Verilerin Korunmas\u0131 Kanunu (&#8220;<b>KVKK<\/b>\u201d) kapsam\u0131nda haz\u0131rlanm\u0131\u015f olan &#8220;ESSPLUS M\u0130SAF\u0130R AYDINLATMA METN\u0130\u201dnin (&#8220;<b>Ayd\u0131nlatma Metni<\/b>\u201d) tamam\u0131n\u0131 okudum, anlad\u0131m ve hangi ki\u015fisel verilerimi ne \u015fekilde i\u015fledi\u011fi ve a\u00e7\u0131k r\u0131zam\u0131 diledi\u011fim zaman herhangi bir s\u0131n\u0131rlamaya tabi olmaks\u0131z\u0131n geri alabilece\u011fim hakk\u0131nda bilgi sahibi oldum.<\/p>\n<p>Bu kapsamda Ayd\u0131nlatma Metni i\u00e7eri\u011finde a\u00e7\u0131k r\u0131zam\u0131n al\u0131nmas\u0131 gerekti\u011fi belirtilen i\u015fleme faaliyetleri i\u00e7in; ki\u015fisel verilerimin belirtilen ama\u00e7larla s\u0131n\u0131rl\u0131 olmak kayd\u0131yla, gerekli olan azami s\u00fcre ve herhalde kanuni zamana\u015f\u0131m\u0131 s\u00fcreleri kadar muhafaza edilerek i\u015flenmesine ve belirtilen ki\u015filere aktar\u0131lmas\u0131na \u00f6zg\u00fcr irademle onay verdi\u011fimi,\u00a0ESSPLUS G\u00dcZELL\u0130K SALONU (DB G\u00dcZELL\u0130K MERKEZ\u0130 MED\u0130KAL DANI\u015eMANLIK SAN. ve T\u0130C. LTD. \u015eT\u0130.)\u00a0taraf\u0131ndan bu i\u015fleme faaliyetleri hakk\u0131nda teredd\u00fcde yer vermeyecek \u015fekilde ayd\u0131nlat\u0131lm\u0131\u015f olarak bilgilendirildi\u011fimi kabul ve beyan ederim.<\/p>\n<p>ESSPLUS G\u00dcZELL\u0130K SALONU (DB G\u00dcZELL\u0130K MERKEZ\u0130 MED\u0130KAL DANI\u015eMANLIK SAN. ve T\u0130C. LTD. \u015eT\u0130.)\u00a0\u00a0taraf\u0131ndan Ayd\u0131nlatma Metni i\u00e7erisinde yer alan \u00e7a\u011fr\u0131 merkezi gibi veri i\u015fleyen hizmet sa\u011flay\u0131c\u0131lar\u0131na ki\u015fisel verilerimin aktar\u0131lmas\u0131na misafir hizmetlerine s\u00f6zl\u00fc beyan etti\u011fim kod ile a\u00e7\u0131k r\u0131za verdi\u011fimi kabul ve beyan ederim.<\/p>\n","protected":false},"excerpt":{"rendered":"<p>Ki\u015fisel Verilerin Korunmas\u0131 \u0130\u015flenmesi Hakk\u0131nda A\u00e7\u0131k R\u0131za Metni ESSPLUS G\u00dcZELL\u0130K SALONU (DB G\u00dcZELL\u0130K MERKEZ\u0130 MED\u0130KAL DANI\u015eMANLIK SAN. ve T\u0130C. LTD. \u015eT\u0130.)\u00a0\u00a0taraf\u0131ndan 6698 say\u0131l\u0131 Ki\u015fisel Verilerin Korunmas\u0131 Kanunu (&#8220;KVKK\u201d) kapsam\u0131nda haz\u0131rlanm\u0131\u015f olan &#8220;ESSPLUS M\u0130SAF\u0130R AYDINLATMA METN\u0130\u201dnin (&#8220;Ayd\u0131nlatma Metni\u201d) tamam\u0131n\u0131 okudum, anlad\u0131m ve hangi ki\u015fisel verilerimi ne \u015fekilde i\u015fledi\u011fi ve a\u00e7\u0131k r\u0131zam\u0131 diledi\u011fim zaman herhangi bir s\u0131n\u0131rlamaya [&hellip;]<\/p>\n","protected":false},"author":1,"featured_media":0,"parent":0,"menu_order":0,"comment_status":"closed","ping_status":"closed","template":"","meta":{"footnotes":""},"class_list":["post-5823","page","type-page","status-publish","hentry"],"_links":{"self":[{"href":"https:\/\/netfikirhost.com\/website\/essplus\/wp-json\/wp\/v2\/pages\/5823","targetHints":{"allow":["GET"]}}],"collection":[{"href":"https:\/\/netfikirhost.com\/website\/essplus\/wp-json\/wp\/v2\/pages"}],"about":[{"href":"https:\/\/netfikirhost.com\/website\/essplus\/wp-json\/wp\/v2\/types\/page"}],"author":[{"embeddable":true,"href":"https:\/\/netfikirhost.com\/website\/essplus\/wp-json\/wp\/v2\/users\/1"}],"replies":[{"embeddable":true,"href":"https:\/\/netfikirhost.com\/website\/essplus\/wp-json\/wp\/v2\/comments?post=5823"}],"version-history":[{"count":0,"href":"https:\/\/netfikirhost.com\/website\/essplus\/wp-json\/wp\/v2\/pages\/5823\/revisions"}],"wp:attachment":[{"href":"https:\/\/netfikirhost.com\/website\/essplus\/wp-json\/wp\/v2\/media?parent=5823"}],"curies":[{"name":"wp","href":"https:\/\/api.w.org\/{rel}","templated":true}]}}